are the prime factors of x?
5
Let z = -84 - -220. List the prime factors of z.
2, 17
Let z = -15 + 8. Let j = z - -15. What are the prime factors of j?
2
Suppose -138 = -10*l + 8*l. List the prime factors of l.
3, 23
Let l = -37 + 74. What are the prime factors of l?
37
Suppose 1 = -l - 2, -5*w + 30 = -5*l. Let n(h) = h - 6 + 2 + w. What are the prime factors of n(6)?
5
Let o = 2 + -9. Let c = o + 23. List the prime factors of c.
2
Let l = -2 + -13. Let u(k) = k**3 + 16*k**2 + 13*k - 8. List the prime factors of u(l).
2, 11
Let g(n) be the first derivative of 1/3*n**3 + 2 + 2*n**2 - 4*n. What are the prime factors of g(-6)?
2
Let s(r) = -r**2 - 10*r - 1. List the prime factors of s(-4).
23
Let d(b) = 6 - b - 3*b - b**3 - b - 7*b**2. List the prime factors of d(-7).
41
Suppose 0 = 4*i - 4 - 8. What are the prime factors of i?
3
Let m be 35/2*40/25. Suppose -3*q = v - 0*v - m, 28 = v + 2*q. Suppose 0 = -4*a + 20 + v. List the prime factors of a.
2, 3
Suppose 385 + 339 = 4*i. What are the prime factors of i?
181
Let l(a) = -31*a - 1. What are the prime factors of l(-1)?
2, 3, 5
List the prime factors of (0 - (0 - 2)) + 87.
89
List the prime factors of ((-12)/15)/((-4)/190).
2, 19
Suppose -5*j - 209 + 519 = 0. List the prime factors of j.
2, 31
Let g(s) = -s**3 + 5*s**2 + 1. List the prime factors of g(4).
17
Let z(u) = 5*u - 4. What are the prime factors of z(3)?
11
Let p be 3*(-3)/(-2 + -1). Let q = -7 + p. List the prime factors of (-1 + -1)*14/q.
7
Let h be (-3 + 9)/(6/4). Suppose 9 = h*l - l. What are the prime factors of l?
3
Suppose -r - 3*r = -4*h, 5*h = 3*r + 4. Suppose 0 = r*g + 2 - 18. What are the prime factors of g?
2
Let g = 10 + -13. Let c = -1 - 1. List the prime factors of c/g*132/8.
11
Let d = 4 + 1. Suppose d*a = 2*a + 63. Suppose 3*g - a = 3*x, -2*x - 6 + 1 = -g. What are the prime factors of g?
3
Let o(w) = 3*w - 12. Let q be o(11). Suppose q = i + 2*i. What are the prime factors of i?
7
Suppose 3 = 5*o - 7. Let x(s) = o*s**3 + s - 8 + 6*s**2 - 4*s - s**3. What are the prime factors of x(-6)?
2, 5
Let d be 5/30 - 11/(-6). Let t = 7 - d. What are the prime factors of 1 - t - -2 - -10?
2
Suppose 4*p = -2*z + 22, 6*p = 2*p - 4*z + 28. Suppose p*o + o = 110. Let l = 32 - o. What are the prime factors of l?
2, 5
Suppose -w + 15 - 11 = 0. List the prime factors of w.
2
Suppose 3*c = -0*o + 3*o + 24, 0 = -o - 3*c. Let k = 10 + o. List the prime factors of k.
2
Let h(c) = -c**2 + 4*c. Let p be h(3). Suppose -p*b + 4*a = -12, 2*b - 2*a + a - 13 = 0. List the prime factors of b.
2
Suppose 225 = -2*n + 7*n. What are the prime factors of n/(-6)*4/(-6)?
5
Suppose -228 = -j + 5*w, 61 = -j + w + 281. List the prime factors of j.
2, 109
What are the prime factors of ((2*77)/(-1))/(-2)?
7, 11
Let k(b) be the third derivative of 7*b**5/120 + b**4/24 + b**3/6 + b**2. Let w(y) be the first derivative of k(y). What are the prime factors of w(3)?
2, 11
Let k(z) = -z**3 + 9*z**2 - 7*z - 5. Let a = 3 - 5. Let n = 10 + a. List the prime factors of k(n).
3
Let g = 7 - 5. Suppose 3*f - 32 = -k, -g*k + 3*f + 10 = -9. What are the prime factors of k?
17
Suppose 3*p - 6*p = -12. Let q(c) = -2*c**2 + 5*c - 6. Let k be q(p). Let o = -9 - k. List the prime factors of o.
3
Suppose 144 = 5*i + 19. Suppose 2*a + z = -3*z - 10, a = 4*z + i. Suppose 4*v - 3*y + 7*y = 28, -27 = -a*v - y. What are the prime factors of v?
5
Suppose -3*v + 9 = -6. Let u be 382/10 - 1/v. Suppose 4*f = x - f - 16, -u = -5*x + 4*f. List the prime factors of x.
2, 3
Let w(k) = k**2 - 1. Let i be w(-2). Suppose -4*l + 26 = 3*t + l, 0 = -i*t - 4*l + 31. List the prime factors of t.
17
Let o be (12/10)/(9/30). Suppose -2*x - 25 = -o*t - t, 3*x = -2*t + 29. What are the prime factors of t?
7
Let s = 7 + -3. What are the prime factors of s?
2
Suppose -13 - 7 = -5*w. Let s be w/(-16) + 3/(-4). Let o = s + 9. List the prime factors of o.
2
Let p(n) = 23*n**2 - n - 2. Let a be p(-1). What are the prime factors of 564/14 - a/77?
2, 5
Let g(i) = -i**3 + 5*i**2 + 7*i. Suppose 0 = -3*k + k. Let b be 3 + (2 + k - -1). List the prime factors of g(b).
2, 3
Let q(r) = 4*r**2 - r + 1. Let i be q(1). Suppose -3*h + 40 = i*f + 289, -h - 4*f - 75 = 0. What are the prime factors of (-2)/9 + h/(-27)?
3
Suppose -u - 2*u - 9 = 0. Let l be (-8)/(-6)*(0 - u). Let m = -2 + l. What are the prime factors of m?
2
Let i = 7 - 3. Suppose 2*y = 2*h - 6, 8*h - i*h = -3*y - 9. Let k(f) = -f + 16. List the prime factors of k(h).
2
Let t(o) = -o**3 - 8*o**2 + 9*o + 6. Let v be t(-9). Let u(n) = n**2 - 3*n + 6. Let f be u(v). Let q = f + -9. What are the prime factors of q?
3, 5
Let f(t) = 2*t**3 - t**2 + 3*t + 3. Let u be f(-2). Let s be u - 6/9*3. Let i = -16 - s. What are the prime factors of i?
3
Let f(m) = -m**3 - 5*m**2 + 5. Let j be f(-5). Suppose 3*o + 4*d = -0*o + 47, -3*o - j*d = -52. List the prime factors of o.
3
List the prime factors of (-1)/(15/50)*(-102)/4.
5, 17
Let n(r) = 4*r - 3. Let l be n(3). Suppose 3*p = l, 3*p = -5*y + y + 37. List the prime factors of y.
7
Let x(p) = p - 5. Let w be x(5). Suppose -5*k + w*k = -105. What are the prime factors of k?
3, 7
Suppose 3*h - 4*d = 429, 314 - 28 = 2*h - d. List the prime factors of h.
11, 13
Let z = 10 + -7. Suppose -z*j + 36 = j. List the prime factors of j.
3
Let k(q) = -q**3 + q**2 + q - 1. Let u(m) = -m - 1. Let d(f) = k(f) - 2*u(f). What are the prime factors of d(-3)?
2, 7
Let v(f) = -f**2 - 6*f + 5. Let u be v(-6). Let p = 8 - 0. Let j = p - u. What are the prime factors of j?
3
Suppose -13*m + 3417 = -1549. List the prime factors of m.
2, 191
Suppose 0 = -4*p - 2*z + 336, 3*p = z - 0*z + 257. List the prime factors of p.
5, 17
Let z be (24/(-9) - -3)*63. Suppose 5*a - 9 = z. What are the prime factors of a?
2, 3
Suppose -o + 48 = 3*o. List the prime factors of o.
2, 3
Let u(x) = -x**3 + 4*x**2 - x + 3. Let m be u(3). Let q(l) = l**2 - 32 + 53 - 9*l - 11. List the prime factors of q(m).
2, 5
Suppose -4*l + 48 = -3*b, -62 + 2 = -5*l - 2*b. Let d(j) = -j - 7. Let w be d(-7). Suppose o - l = -w*o. What are the prime factors of o?
2, 3
Let i = -264 - -447. What are the prime factors of i?
3, 61
Let z(i) be the first derivative of i**4/2 + i**2/2 - 3. List the prime factors of z(1).
3
Let u(o) = 2 + 0*o + o**2 + 0*o - o. Let c be u(2). Suppose -h + 25 = c*h. List the prime factors of h.
5
Let l(m) = m**3 + 5*m**2 + 4*m + 1. Let v be l(-4). Suppose 5 = 2*z - v. What are the prime factors of z?
3
List the prime factors of ((-172)/(-3))/(16/24).
2, 43
Let j be -1 - -10*5/2. Suppose 0 = -g - 4*g + 65. Let f = j - g. What are the prime factors of f?
11
Suppose -2*z + 6 = -4*z. What are the prime factors of z/(0 - 1) - -14?
17
What are the prime factors of -2 + (-8)/(-2) - -14?
2
Suppose 6*o = 3*o + 21. Suppose 2*n = -o + 47. What are the prime factors of n?
2, 5
Suppose -3*s = -4*s + 17. Let a = s - -1. What are the prime factors of a?
2, 3
Suppose 2 + 8 = t - 5*s, 5*t - 78 = -3*s. Suppose b - 4*b = 2*x - 31, -t = -3*x. List the prime factors of b.
7
Suppose 5*i = -3*x - 0*x + 175, 5*i - 230 = -4*x. List the prime factors of x.
5, 11
Let m = -23 + 20. Let i(a) = -3*a**3 - 5*a**2 - 2*a + 3. List the prime factors of i(m).
3, 5
Suppose -f + 4*f - 6 = 0. Suppose f*l - 30 = -0*l. Let u = l + -9. List the prime factors of u.
2, 3
Let i be (0 - 1/2)*0. Let x(l) = -l - 8. Let u be x(-10). List the prime factors of (-1)/u*(-20 + i).
2, 5
Suppose -4*j = -2*x - 44, 7*j - 4*x = 4*j + 38. Let u = j - 7. Let r(w) = 2*w**2 + w - 2. What are the prime factors of r(u)?
19
Let a(r) = r**2 + 14*r - 5. List the prime factors of a(7).
2, 71
Suppose 23 = 5*z - 27. Suppose 21 = 2*w - 3*d - 4, -z = -w - d. List the prime factors of w.
11
Suppose -10*d + 12*d - 84 = 0. What are the prime factors of d?
2, 3, 7
Let k = 46 + -5. What are the prime factors of k?
41
Suppose 773 = 4*y - 31. What are the prime factors of y?
3, 67
Suppose 5*d = -u + 384 - 49, -2*u + 640 = -5*d. What are the prime factors of u?
5, 13
Suppose 0 = -3*c + 4*u + 12, 3*c = u - 3*u - 6. Suppose 3*s + 1 = 25. Suppose 0 = d - c - s. What are the prime factors of d?
2
Suppose -3*z - 3*g - 9 = 0, -5*g = -z + 2*z + 23. Suppose -h + 5*f + 100 = 4*h, h = -z*f + 17. What are the prime factors of h?
19
Let b be 6/(-8)*(8 +